p + 10 = 5*i. Suppose i*t - 284 - 674 = -5*u, t + u = 239. List the prime factors of t.
3, 79
Suppose -133*p = -153*p + 14980. Let n = -63 + p. List the prime factors of n.
2, 7
Suppose 3*i - 44 = -2*t, -4*t - t = -4*i - 64. Suppose -25*b + t = -29*b. List the prime factors of 1/b + 5817/84.
3, 23
Let t be -1*931*(40 + -41). Let v = t + -81. What are the prime factors of v?
2, 5, 17
Let r be 4 + 4 + -1526 + -3. Let g = -425 - r. List the prime factors of g.
2, 137
Let h = 771 - -7630. What are the prime factors of h?
31, 271
Let t(c) = 10*c**2 + 61*c + 285. List the prime factors of t(16).
3821
Suppose 889 = -14*t + 10619. Let x = t - 289. List the prime factors of x.
2, 7, 29
Let x be ((-136)/(-36) - 2) + (-6)/(-27). Let i be (-136)/(-14) + (-36)/21 + x. What are the prime factors of (0 - 7) + 3 + i?
2, 3
Let b(r) = 9*r**2 + 82*r + 901. What are the prime factors of b(-43)?
2, 3, 73
Let o be 4 + (-8376)/(-2 - 6). Let h = o - 655. List the prime factors of h.
2, 3, 11
Suppose 0*r = 2*r - 3*f - 71, 0 = -r + 2*f + 35. Let s be (-2)/21 + 7140/882. Suppose -s*c = -7*c - r. What are the prime factors of c?
37
Suppose 2*f = 4*s - 14, -2*s + 25 = -0*f + 5*f. Let h be (f/(-9))/(2/(-18)) - 2. Let o = h - -19. List the prime factors of o.
2, 5
Suppose -n = b + 12, 8*b = -2*n + 9*b - 12. List the prime factors of (-8960)/n - 7 - 7.
2, 7, 79
Let m = 39 + -26. Let b be 2 - (1785/(-3) + 0). Suppose m*q - 16*q = -b. What are the prime factors of q?
199
Suppose 0 = b + a + 7, 4*a = -3*b + 2*b - 4. What are the prime factors of (-377)/(-6) + b/(-48)?
3, 7
Let h be 6/24 + 40703/4. List the prime factors of 6/(-9) + h/36.
2, 3, 47
Let b(g) = 87*g**2 + 203*g + 19. List the prime factors of b(-18).
43, 571
List the prime factors of 1 - -1*(-29924)/(-4).
2, 3, 29, 43
Suppose 2*q = 5*t + 4375 + 5694, t = q - 5036. What are the prime factors of q?
3, 23, 73
Let x = -101373 + 145353. What are the prime factors of x?
2, 3, 5, 733
Suppose 613814 + 198954 = 22*d. List the prime factors of d.
2, 2309
Suppose 17*z - 240 = 2*z. Suppose z*k + 94 = -4258. Let i = k + 502. List the prime factors of i.
2, 5, 23
Suppose 3*r = -4*w + 84, -4*w + 80 = 7*r - 5*r. Let q(n) = 18*n**2 + 4*n + n + w*n**2 + 2. What are the prime factors of q(-2)?
2, 17
Let h = -304 + 302. What are the prime factors of 5/((-15)/h)*(-6993)/(-18)?
7, 37
What are the prime factors of (-497385)/(-12) - 4/(-16) - 12?
11, 3767
Let v = -22 - -30. Let n be (180/8)/(6/v). What are the prime factors of (4/6)/(1/n)?
2, 5
Suppose 53*i = 56*i - 81. Suppose -i*z - 476 = -28*z. What are the prime factors of z?
2, 7, 17
Let y(c) = -c**2 + 6*c + 19. Let g be y(9). List the prime factors of (-5)/(-10) + (-6964)/g.
13, 67
Let i = -10712 + 19691. What are the prime factors of i?
3, 41, 73
Suppose -4*r = -4*k - 30 - 10, -r + 3*k = -2. Suppose 0*b - 2*b + r = g, -5*g + 105 = 3*b. Suppose 22*c - g*c + 164 = 0. List the prime factors of c.
2, 41
Let g = 1684 + -785. Let w = 1378 - g. List the prime factors of w.
479
Let g(k) = -k**3 - 12*k**2 - 10*k + 13. Let j be g(-11). Let c(u) = 44*u**2 - 3*u + 4. List the prime factors of c(j).
2, 3, 29
Suppose 5*l + 4 = 139. Let y = 27 - l. Suppose -3*f - 3*f + 198 = y. What are the prime factors of f?
3, 11
Suppose -7*v + 2*v - 280 = 0. List the prime factors of ((-2366)/v)/(5/20).
13
Let p(y) be the third derivative of 1/30*y**5 + 0 + 1/12*y**4 + 7*y**2 + 8*y**3 + 0*y. List the prime factors of p(0).
2, 3
Let j(g) = -11*g + 5. Let i be j(-4). Let o = 92 + i. Suppose 5*b + 154 = -4*t + 397, 3*b + 4*t - o = 0. What are the prime factors of b?
3, 17
Let q(r) = -r**3 + 14*r**2. Let k be q(14). Suppose -t + 288 = -c, -4*t + 3*t - c + 286 = k. List the prime factors of t.
7, 41
Let d = 55936 - 11957. List the prime factors of d.
13, 17, 199
Suppose -591 = -3*n + 2469. Suppose 3*j = 4*j + 3*c - 326, 3*j - 5*c = n. List the prime factors of j.
5, 67
Let d(p) = -18*p + 1357. What are the prime factors of d(-132)?
3733
Suppose 7967 = 4*g - 3*j, -2*j - 2857 = -3*g + 3118. List the prime factors of g.
11, 181
Let c(b) = b + 48. Let u be c(-16). Let k = 37 - u. Suppose k*s = 10*s - 50. List the prime factors of s.
2, 5
Let c = 195 + -193. Suppose 0 = 26*j - c*j - 2232. What are the prime factors of j?
3, 31
Suppose -4 + 84 = 5*t + 4*x, -3*t = -5*x - 48. Let j be (-5 + -1)*t/32. Let i(h) = 9*h**2 + h. What are the prime factors of i(j)?
2, 3, 13
List the prime factors of 36130 + -1 - (-43 + 57).
5, 31, 233
Let y(c) = 3*c**2 + 15*c + 2. Let d be y(-12). Let f = 74 + -71. Suppose -98 = f*x - d. What are the prime factors of x?
2, 13
Suppose t = -4*q - 11082, -5*t = 2*q + 866 + 4684. What are the prime factors of q/4*120/(-100)?
3, 277
Let y be (14/(-4) - 0)*18. Let z(s) = -10*s**2 - 159*s - 32. Let b be z(-15). Let w = b + y. What are the prime factors of w?
2, 5
Let l be (-32)/6 + 6 - 7332/9. Let u = l + 1500. List the prime factors of u.
2, 7
Let j(c) = -c**2 - 9*c - 14. Let d be j(-6). Suppose 5*f + g - 17 = 0, d*g - 11 = -5*f + 6*g. Suppose -f*y - 19 = -136. What are the prime factors of y?
3, 13
Let t = 4442 + -1887. Let h = t - 633. List the prime factors of h.
2, 31
Suppose 4*r - 18283 = -4*o + 38833, 5*r - o = 71395. List the prime factors of r.
109, 131
List the prime factors of ((-235)/5 + 4)/((-114)/6042).
43, 53
Suppose -7*m + 10*m = 0. Suppose -3*j + m*w + 15 = 3*w, 3*j - 11 = -w. Let k(o) = 7*o - 6. What are the prime factors of k(j)?
3, 5
Suppose 10 = 3*z + 2*z. Suppose 5*j = z*j - 0*j. Let a(l) = -7*l + 167. List the prime factors of a(j).
167
Let v(k) = 2*k**3 + 4*k**2 - 4. Let s be v(-3). Let w = s - -27. Suppose 5 = 5*h - w. List the prime factors of h.
2
Let l(a) = -3*a**3 - 9*a**2 + 7*a + 3. Let m(z) = -z**3 + z**2 + z + 1. Let s(o) = -l(o) + 4*m(o). List the prime factors of s(11).
2, 3, 5, 7
Let f(x) be the second derivative of 3*x**5/10 - 7*x**4/12 + 7*x**3/6 - x**2/2 + 104*x. List the prime factors of f(1).
5
Let o be (99 - -13) + -8 - -2. Let p(n) = -12*n**2 + 3*n + 1. Let c be p(-2). Let h = c + o. What are the prime factors of h?
53
Let v(r) = r**2 + r - 10. Let y be v(0). Let p = -7 - y. Suppose -p*a = -a - 4, k = 4*a + 64. What are the prime factors of k?
2, 3
Let w be (-43)/4 - 2/8. Suppose -27*f + 174 - 39 = 0. Let n = f - w. What are the prime factors of n?
2
Let a(p) = 1101*p - 637. List the prime factors of a(37).
2, 5, 401
Let w(d) = -6*d**2 - 7*d - 78. Let r be w(-9). Let s = 719 + r. List the prime factors of s.
2, 109
Suppose 0 = 2*h - 8 - 6. Suppose -h*k = -270 - 1431. List the prime factors of k.
3
Let h be (2/8 - 0)*0. Suppose -p + 6*p + 550 = h. Let k = 171 + p. What are the prime factors of k?
61
List the prime factors of 846/45*(6 - (-5199)/6).
47, 349
Let g(q) = 223*q - 3769. What are the prime factors of g(108)?
5, 17, 239
Suppose 4*y - 4*y = y. Suppose -15 + y = 5*f. What are the prime factors of (f - 0) + 147*1?
2, 3
Suppose 0 = 135*l - 123*l - 25308. Suppose 18*q - l = 3489. List the prime factors of q.
311
Suppose 343*h + 102730 = 177*h + 176*h. What are the prime factors of h?
10273
Suppose 425817 = 713*x - 686*x. List the prime factors of x.
3, 7, 751
Let a be (-36)/(-15) - 6/15. Let j(r) = 717 + r**a - 744 + 3*r**2 + 3*r. What are the prime factors of j(5)?
2, 11
Suppose -f - 49606 + 302890 = 11*f. What are the prime factors of f?
21107
Let l(p) = 7*p**2 - 24*p + 245. List the prime factors of l(24).
3701
Let w = -162 + 1077. Suppose 15 = -4*g + w. What are the prime factors of g?
3, 5
Let o(t) = 32*t + 81. Let v be o(12). Let y = v + -19. What are the prime factors of y?
2, 223
Let n = 10 - 1. Suppose -16*l + 38 = -17*l. Let o = n - l. What are the prime factors of o?
47
Let n be (-1)/1 - (-24 + -4). Suppose -n = -18*o + 15*o. List the prime factors of (-4)/18 + 218/o.
2, 3
Let i(j) = 6*j - 92. Let m be i(16). Suppose 9*n - 1030 = m*n. What are the prime factors of n?
2, 103
Suppose 3*j - 3*b - b - 5167 = 0, 0 = j + b - 1720. What are the prime factors of j?
1721
List the prime factors of (-48)/(-104) + (-102416)/(-52).
2, 5, 197
Suppose 0 = -4*h + 5*n + 1390, 4*h + 5*n = 516 + 894. Suppose 3*v + h = -286. Let t = v + 320. What are the prime factors of t?
2, 3
Let f(n) be the second derivative of 0 + 1/2*n**2 - 16*n + 1/6*n**3 + 11/12*n**4. Wha